. Calculate i(z).
1
Let j(y) be the third derivative of -4*y**2 - 1/24*y**4 + 1/12*y**5 - 1/2*y**3 + 1/120*y**6 + 0 + 0*y. Let v be (-32)/6 + (-2)/(-6). Calculate j(v).
2
Let l(s) = -18*s. Let d(r) = -r**3 + 8*r**2 - 12*r - 1. Let o be d(6). Give l(o).
18
Let f(l) = 2*l**2 - 12*l + 5. Let z be f(6). Suppose -2 = -4*i + 6. Let s(b) = -5*b - 4*b**i - b**2 + 1 + b**2 + b**3. Determine s(z).
1
Let t = -4 - -8. Let b(h) = -2*h**2 + 5*h. Determine b(t).
-12
Let r(m) = -4 - 2*m + 9 - m**2 - 5*m + 5*m. Let l(h) be the first derivative of -h**3/3 - 4*h - 2. Let v be l(0). Calculate r(v).
-3
Let b = 6 - 8. Let f = b - -1. Let s(r) = 8*r**3. Calculate s(f).
-8
Let i(t) be the first derivative of t**2/2 - t - 1. Suppose 20*u = 15*u + 5. Give i(u).
0
Let y(b) = -b**2 - 8*b - 4. Suppose 1 = -2*i - 3. Let m(n) = -3*n**2 - 2*n + 2. Let q be m(i). Determine y(q).
8
Let g = -18 + 11. Let x = -11 - g. Let r(v) = -v**2 - 5*v - 3. Calculate r(x).
1
Let f(r) be the first derivative of r**3/3 + 2*r**2 + r + 11. Let w = -8 - -3. What is f(w)?
6
Let n(q) = q**3 + 3*q**2 - 4*q - 1. Let o = 8 + -5. Suppose 4*w - 15 = o*u, -3*w - 2*u + 9 = -5*u. Let g = -10 + w. Give n(g).
-1
Let q(w) = 2*w**2 + 4*w + 2. Let d = 10 - 12. Calculate q(d).
2
Let h(g) be the first derivative of -g**5/60 + g**4/4 + g**3/6 - g**2 - 1. Let z(l) be the second derivative of h(l). Let w = -11 + 16. Calculate z(w).
6
Let o(y) = -y**2 - 2*y. Suppose -4*j - 9 = 3. Let d be o(j). Let p(u) be the second derivative of u**4/6 + u**3/2 - 2*u**2 + u. What is p(d)?
5
Suppose 0 = 2*o - 3 - 1. Let q(t) be the second derivative of -t**4/12 + t**3/2 - t**2 - t. Give q(o).
0
Let a(j) = -j**2 - 8*j - 10. Suppose 2*p + 1 = -q - 0, -5*p + 15 = 0. What is a(q)?
-3
Let z(x) = -x - 3. Let m = 3 + -2. Let o be (-1)/(-3)*0/m. Suppose -3*w - 5*k + k - 20 = o, w - 5*k = 6. Calculate z(w).
1
Let o = -3 - -5. Let g(t) = 1 - 174*t + 182*t - 4. Calculate g(o).
13
Let a(v) = v - 6 + 2*v + 4 - 1. Suppose 4*r + 5*w - 49 = 0, -3*w + 45 = 2*r + 3*r. Suppose -3*x + r = -0*x. Calculate a(x).
3
Let v(g) = 0*g - 15*g**2 + 2*g + 0*g - 3*g + 1. Determine v(1).
-15
Let n(b) = 17 + 2*b + 21 - 26. Calculate n(-8).
-4
Let l(y) = -y**3 + y**2 + y - 6. Let d(r) = 3*r + 4. Let f be d(-3). Let u = -1 - f. Let k be 2/u - 4/8. Calculate l(k).
-6
Let w(h) = 17 - 9*h + h + 7*h - h**3. Give w(0).
17
Let r(n) = 48*n**3 - 40*n - 40. Let p(t) = t**3 - t - 1. Let y(i) = 40*p(i) - r(i). Determine y(1).
-8
Let p = -9 + 4. Let j(k) = k**2 + 3*k + 4. What is j(p)?
14
Let p be -2 + 2*27/2. Suppose -3*o = -n - 4*n - 5, 0 = -5*n - o - p. Let b(j) = j**3 + 4*j**2 + 4*j + 6. What is b(n)?
-10
Let n(v) be the first derivative of v**4/4 - v**3 + 3*v + 4. Let z(s) = -s**3 + 4*s**2 - 3*s + 1. Let y be z(2). Let m = y + 0. Determine n(m).
3
Let h(v) = 6*v - v + 3*v. Let p(n) = -n**2 + 3*n + 1. Let q = -1 - -4. Let o be p(q). What is h(o)?
8
Suppose -v + 5*v - 39 = 3*l, 50 = 5*v - 4*l. Let c(d) = -2*d + 6. Determine c(v).
-6
Suppose -5 = 4*h - 13. Let w(f) = f + f**2 - f**2 + 3*f**2 - 2*f**h. What is w(1)?
2
Let o(x) = -3*x + 1. Let r(v) = -2*v**2. Let n be r(-1). Let a(b) = b. Let y(f) = n*a(f) - o(f). Let j(s) = -s**2 - 7*s. Let q be j(-6). Determine y(q).
5
Let b(k) be the first derivative of k**4/24 + 11*k**3/6 + k**2/2 + 4. Let m(t) be the second derivative of b(t). Give m(-5).
6
Let x(v) be the third derivative of 0*v - v**2 - 1/60*v**5 - 1/6*v**3 + 5/24*v**4 + 0. What is x(2)?
5
Let p(v) = 0*v**2 - 2*v - v**2 + 3*v**2 + 3. Suppose -2*d + d = -3. Calculate p(d).
15
Let l(b) be the third derivative of b**4/24 + 5*b**3/3 + 11*b**2 + 2. Give l(-11).
-1
Let b(i) be the third derivative of -i**4/4 - i**3/6 + i**2. Suppose 3*w + 0*m = -m - 14, 5*w - m = -18. Let u be (w/6)/((-12)/(-18)). What is b(u)?
5
Let s(q) = 52 - q + 2*q**2 - 3*q**2 - 64. What is s(0)?
-12
Let q be (2 - 1)/((-1)/(-4)). Suppose a + q*a = 0. Let x(f) = 5*f + 6. Let d(r) = -r. Let u(t) = 4*d(t) + x(t). What is u(a)?
6
Let d(r) = -r**2 - 2*r - 2. Let m = -48 + 46. Determine d(m).
-2
Let m(i) = -i + 2. Let z(y) = -y**2 + 3*y. Let p be z(3). Suppose -5*b = -p*b. What is m(b)?
2
Let f be (-26)/143 + 24/11. Let k(d) = -d**2 + 4*d - 3. Let m be k(f). Let v(s) = 4*s**3 - 3*s**3 + 1 + 0*s**3. What is v(m)?
2
Let h = -11 + 12. Let q(m) = 0*m - h - 5*m + m + 3*m. Give q(-4).
3
Let k(y) = 11*y**3 - 8*y**2 + 15*y + 1. Let g(z) = -3*z. Let r be g(3). Let n(d) = -5*d**3 + 4*d**2 - 7*d. Let q(b) = r*n(b) - 4*k(b). Give q(4).
8
Let l(o) = -o**3 - 8*o**2 - o - 9. Let k(w) = -w + 5. Let j be k(13). What is l(j)?
-1
Let y(o) = 4*o**2 - o - 8. Let d(n) = n**2 - n - 1. Let k(b) = -5*d(b) + y(b). Give k(3).
0
Let x(i) = 1 + 5 + i - 2. Let v = 17 + -2. Suppose 3*m - 3*a + 33 = 0, -10 = 5*m + a + v. Calculate x(m).
-2
Let z be (92/(-138))/((8/42)/2). Let s(b) = b**2 + 6*b - 10. Calculate s(z).
-3
Let x(d) = -d - 10. Let s(u) = u + 10. Let y(t) = -5*s(t) - 6*x(t). Calculate y(-7).
3
Let g = -12 + 11. Let p be (-2)/g + -8 - 0. Let r(q) = -q**3 - 6*q**2 + 4*q + 9. Give r(p).
-15
Let t(k) = -k**2 - 3*k - 1. Let j be (-30)/(-12)*8/(-10). Give t(j).
1
Let o(s) = -5*s**3 + 4*s**2 - 5*s - 9. Let t(g) = -11*g**3 + 9*g**2 - 11*g - 19. Let q(p) = -9*o(p) + 4*t(p). What is q(0)?
5
Let i(v) be the second derivative of -v - 5/6*v**3 - 5/12*v**4 + 1/20*v**5 + 0 - 1/2*v**2. Determine i(6).
5
Let n(y) = 11*y - 10. Let j(p) = -4*p + 3. Let x(c) = 8*j(c) + 3*n(c). Give x(6).
0
Suppose -2*n = n. Let m(t) = -t + 5. Let p(l) = 2*l - 9. Let g(d) = -5*m(d) - 3*p(d). Determine g(n).
2
Let m(o) be the second derivative of o**5/20 + o**4/3 + o**3/6 + 5*o**2/2 + 4*o. Give m(-4).
1
Let c(m) = m**3 + m**2 - m + 1. Let j(n) = 6*n**3 + 4*n**2 - 5*n + 5. Let t(l) = -3*l + 1. Let y be t(2). Let x(d) = y*c(d) + j(d). What is x(1)?
0
Let m(y) = 2*y**2 + y - 1. Let b be 1/3*(5 + -2). Calculate m(b).
2
Suppose -12 = -5*v + 3*o, -5*v + 8*o + 20 = 3*o. Let k(h) = -h**3 + h**2 + h - 4. Give k(v).
-4
Let v(l) = l**3 + 6*l**2 + 2*l + 9. Let g = 13 + -10. Let i be -2 - (g + -1 - -2). Calculate v(i).
-3
Let c(l) = -4*l + 1. Suppose -d + 0*d - 1 = 0. What is c(d)?
5
Let q(r) = 2*r + 4. Let v = 90 + -87. What is q(v)?
10
Let r(o) = 5*o + 3. Let m = -20 + 17. Calculate r(m).
-12
Let c(g) be the second derivative of g**4/6 - g**3/6 + 3*g + 2. Suppose d + 4*h - 20 = 5*d, 4*d + 5*h - 16 = 0. What is c(d)?
3
Suppose -4*j = -2*x - 2*j + 10, 0 = -2*x - 5*j + 3. Let s(g) = -4*g - 3 - 2*g + 8*g. Give s(x).
5
Let j(p) be the first derivative of p**4/2 + p**3/3 - p**2/2 - p - 5. Suppose -3*h + 1 = 2*a, 3*h - 5 = -2*h. Give j(a).
-1
Let x(v) = -v**2 - 7*v - 9. Let f be ((-464)/(-24))/(4/6). Suppose f = 5*l - 10*l - t, l + 4*t = -2. Determine x(l).
-3
Suppose 13 = 4*c + 3*o, -3*c + o = -0*c - 13. Let i(k) = 0*k + 2 + c - 2*k. Let v be 30/4*(-6)/(-9). What is i(v)?
-4
Let g(u) be the second derivative of -u**5/20 - u**4/6 + u**3 + u**2/2 - 8*u - 1. Determine g(-4).
9
Let d(p) = -5*p**2 + 8*p - 14. Let c(w) = -4*w**2 + 8*w - 12. Let i(g) = 4*c(g) - 3*d(g). Suppose 2*y - 19 = -5. Determine i(y).
1
Let t = 116 - 117. Let r(i) = 2*i**2 + i. Determine r(t).
1
Let o be (18 - -5)/(0 - 1). Let w be o/7 - (-22)/77. Let v(d) = d. Give v(w).
-3
Let k(i) = -i**2 - 7*i. Suppose -2*g + 2*h - 42 = -2*h, 4*g = -3*h - 84. Let q = 15 + g. What is k(q)?
6
Let v(d) = -d**3 + 6*d + 3. Let k be v(3). Let y(n) = 4*n - 21. Let q(a) = -a + 7. Let b(z) = 7*q(z) + 2*y(z). Calculate b(k).
1
Let p(q) = -q**2 + 11*q + 5. Let y(g) = -3*g**2 + 32*g + 14. Let f(m) = 8*p(m) - 3*y(m). Give f(9).
7
Let l(p) = p - 6*p + 3 + 6*p. Give l(-6).
-3
Let y(t) = -t**3 + 7*t**2 - 7*t + 7. Let u(a) = -a**2 + 2*a. Suppose -2*b = -3*b + 2. Let v be u(b). Let x(h) = -h + 6. Let i be x(v). Determine y(i).
1
Let a(k) = k**2 - 6 - 10 + 2*k - 2*k - 13*k. What is a(14)?
-2
Suppose 0 = -6*m + 2*m - 812. Let b = m + 139. Let v be b/24 + 1/(-3). Let o(p) = p**3 + 5*p**2 + 3*p + 3. Calculate o(v).
12
Let c(h) = 3*h - 2. Let i(f) = f - 1. Let o(a) = 2*c(a) - 5*i(a). Suppose 0 = -0*b - 4*b - g - 3, 0 = 3*b + 5*g - 2. What is o(b)?
0
Let p(c) be the first derivative of c**3/3 + 3*c**2 - 2*c - 3. Calculate p(-7).
5
Let l(k) = k**3 - 3*k**2 - 2. Let t = 4 + -3. Let v be -1*(-1 + -2)*t. Give l(v).
-2
Let q(f) be the second derivative of f**